{"id":874,"date":"2024-07-28T10:15:49","date_gmt":"2024-07-28T09:15:49","guid":{"rendered":"https:\/\/www.bezirkskonferenz-naturschutz.de\/?page_id=874"},"modified":"2025-01-12T07:13:59","modified_gmt":"2025-01-12T06:13:59","slug":"bk-1998-2","status":"publish","type":"page","link":"https:\/\/www.bezirkskonferenz-naturschutz.de\/?page_id=874","title":{"rendered":"BK 1998"},"content":{"rendered":"<p>Sitzungsniederschrift vom 25.3.1998 <a href=\"https:\/\/www.bezirkskonferenz-naturschutz.de\/wp-content\/uploads\/2024\/07\/scan_20240712075458-BZK-Sitzungsniederschrift-final-25.3.1998.pdf\">(pdf)<\/a><\/p>\n<p>Sitzungsniederschrift Nachsendung <a href=\"https:\/\/www.bezirkskonferenz-naturschutz.de\/wp-content\/uploads\/2024\/07\/scan_20240710102046-Sitzungsniederschrift-BZK-1998-Oktober-Nachsendung.pdf\">(pdf)<\/a><\/p>\n<p>Liste der Delegierten <a href=\"https:\/\/www.bezirkskonferenz-naturschutz.de\/wp-content\/uploads\/2024\/07\/scan_20240710101946-Liste-der-Delegierten-fuer-1998.pdf\">(pdf)<\/a><\/p>\n<p>Info warum die BK wichtig ist <a href=\"https:\/\/www.bezirkskonferenz-naturschutz.de\/wp-content\/uploads\/2024\/07\/scan_20240711073448-Info-zu-Historie-Naturschutz-1996-warum-BZK-sinnvoll.pdf\">(pdf)<\/a><\/p>\n<p>Tagesordnung <a href=\"https:\/\/www.bezirkskonferenz-naturschutz.de\/wp-content\/uploads\/2024\/07\/Tagesordnung-BZK-25.3.1998.pdf\">(pdf)<\/a><\/p>\n<p>Begr\u00fc\u00dfungsrede RP Vennegerts <a href=\"https:\/\/www.bezirkskonferenz-naturschutz.de\/wp-content\/uploads\/2024\/07\/scan_20240711105355-1996-eher-1998-Rede.pdf\">(pdf)<\/a><\/p>\n<p><strong>TOP 2 Gesch\u00e4ftsordnung<br \/>\n<\/strong><\/p>\n<p>Verabschiedete Gesch\u00e4ftsordnung <a href=\"https:\/\/www.bezirkskonferenz-naturschutz.de\/wp-content\/uploads\/2024\/07\/GO-25.3.1998-verabschiedet-1.pdf\">(pdf)<\/a><\/p>\n<p><strong>TOP 5.1<\/strong><\/p>\n<p>Resolution Steigender Fl\u00e4chenverbrauch verringern <a href=\"https:\/\/www.bezirkskonferenz-naturschutz.de\/wp-content\/uploads\/2024\/07\/scan_20240712075539-BZK-TOP-5.1.pdf\">(pdf)<\/a><\/p>\n<p><strong>TOP 5.2<\/strong><\/p>\n<p>Stellungmahme zum Abfallwirtschaftsplan <a href=\"https:\/\/www.bezirkskonferenz-naturschutz.de\/wp-content\/uploads\/2024\/07\/scan_20240712075554-BZK-TOP-5.2.pdf\">(pdf)<\/a><\/p>\n<p><strong>TOP 5.3<\/strong><\/p>\n<p>Kalksteinabbau &#8211; wie lange noch <a href=\"https:\/\/www.bezirkskonferenz-naturschutz.de\/wp-content\/uploads\/2024\/07\/scan_20240712075608-BZK-TOP-5.3.pdf\">(pdf)<\/a><\/p>\n<p><strong>TOP 5.4<br \/>\n<\/strong><\/p>\n<p>Resolution Leitbild Senne <a href=\"https:\/\/www.bezirkskonferenz-naturschutz.de\/wp-content\/uploads\/2024\/07\/Resolution-Leitbild-Senne-1998-BZK-1.pdf\">(pdf)<\/a><\/p>\n<p>Versendung der Resolution Senne an die Bezirksregierung &#8211; Schreiben von Dietmar Strathenwert <a href=\"https:\/\/www.bezirkskonferenz-naturschutz.de\/wp-content\/uploads\/2024\/07\/scan_20240710101547-Schreiben-Stratenwerth-fuer-1998-1.pdf\">(pdf)<\/a><\/p>\n<p>&nbsp;<\/p>\n","protected":false},"excerpt":{"rendered":"<p>Sitzungsniederschrift vom 25.3.1998 (pdf) Sitzungsniederschrift Nachsendung (pdf) Liste der Delegierten (pdf) Info warum die BK wichtig ist (pdf) Tagesordnung (pdf) Begr\u00fc\u00dfungsrede RP Vennegerts (pdf) TOP 2 Gesch\u00e4ftsordnung Verabschiedete Gesch\u00e4ftsordnung (pdf) TOP 5.1 Resolution Steigender Fl\u00e4chenverbrauch verringern (pdf) TOP 5.2 Stellungmahme &hellip; <a href=\"https:\/\/www.bezirkskonferenz-naturschutz.de\/?page_id=874\">Weiterlesen <span class=\"meta-nav\">&rarr;<\/span><\/a><\/p>\n","protected":false},"author":2,"featured_media":0,"parent":865,"menu_order":0,"comment_status":"closed","ping_status":"closed","template":"","meta":{"footnotes":""},"class_list":["post-874","page","type-page","status-publish","hentry"],"_links":{"self":[{"href":"https:\/\/www.bezirkskonferenz-naturschutz.de\/index.php?rest_route=\/wp\/v2\/pages\/874"}],"collection":[{"href":"https:\/\/www.bezirkskonferenz-naturschutz.de\/index.php?rest_route=\/wp\/v2\/pages"}],"about":[{"href":"https:\/\/www.bezirkskonferenz-naturschutz.de\/index.php?rest_route=\/wp\/v2\/types\/page"}],"author":[{"embeddable":true,"href":"https:\/\/www.bezirkskonferenz-naturschutz.de\/index.php?rest_route=\/wp\/v2\/users\/2"}],"replies":[{"embeddable":true,"href":"https:\/\/www.bezirkskonferenz-naturschutz.de\/index.php?rest_route=%2Fwp%2Fv2%2Fcomments&post=874"}],"version-history":[{"count":23,"href":"https:\/\/www.bezirkskonferenz-naturschutz.de\/index.php?rest_route=\/wp\/v2\/pages\/874\/revisions"}],"predecessor-version":[{"id":901,"href":"https:\/\/www.bezirkskonferenz-naturschutz.de\/index.php?rest_route=\/wp\/v2\/pages\/874\/revisions\/901"}],"up":[{"embeddable":true,"href":"https:\/\/www.bezirkskonferenz-naturschutz.de\/index.php?rest_route=\/wp\/v2\/pages\/865"}],"wp:attachment":[{"href":"https:\/\/www.bezirkskonferenz-naturschutz.de\/index.php?rest_route=%2Fwp%2Fv2%2Fmedia&parent=874"}],"curies":[{"name":"wp","href":"https:\/\/api.w.org\/{rel}","templated":true}]}}