{"id":15,"date":"2012-02-05T08:53:16","date_gmt":"2012-02-05T08:53:16","guid":{"rendered":"http:\/\/217.188.61.78\/?page_id=15"},"modified":"2016-03-08T05:47:53","modified_gmt":"2016-03-08T04:47:53","slug":"uber-die-bezirkskonferenz","status":"publish","type":"page","link":"https:\/\/www.bezirkskonferenz-naturschutz.de\/?page_id=15","title":{"rendered":"\u00dcber uns"},"content":{"rendered":"<p><strong>f\u00fcr Naturschutz in Ostwestfalen-Lippe<\/strong><\/p>\n<p>Die Bezirkskonferenz Naturschutz will<\/p>\n<ul>\n<li>Kr\u00e4fte und Fachkompetenzen im Bereich des Natur- und Umweltschutzes in Ostwestfalen-Lippe b\u00fcndeln,<\/li>\n<li>die Zusammenarbeit von ehrenamtlichem und hauptamtlichem Natur- und Umweltschutz f\u00f6rdern,<\/li>\n<li>den Informationsfluss zwischen den im Natur- und Umweltschutz aktiven Kr\u00e4ften in OWL verbessern,<\/li>\n<li>die unterschiedlichen Interessen und Aktivit\u00e4ten der im Natur- und Umweltschutz Beteiligten koordinieren und zusammenf\u00fchren.<\/li>\n<\/ul>\n<p>&nbsp;<\/p>\n<p>Die Bezirkskonferenz und ihre Arbeitskreise sind in ihrer inhaltlichen Arbeit frei und unabh\u00e4ngig. Sie unterliegen nicht der Organisationsgewalt eines Verbandes oder einer Beh\u00f6rde.<\/p>\n<p>Folgende Verb\u00e4nde, Institutionen, Beh\u00f6rden und Gremien k\u00f6nnen Vertreterinnen und Vertreter in die Bezirkskonferenz entsenden:<\/p>\n<p>&#8211;\u00a0\u00a0\u00a0\u00a0\u00a0\u00a0\u00a0 die anerkannten Naturschutzverb\u00e4nde,<\/p>\n<p>&#8211;\u00a0\u00a0\u00a0\u00a0\u00a0\u00a0\u00a0 die Biologischen Stationen<\/p>\n<p>&#8211;\u00a0\u00a0\u00a0\u00a0\u00a0\u00a0\u00a0 die Naturpark-Zweckverb\u00e4nde<\/p>\n<p>&#8211;\u00a0\u00a0\u00a0\u00a0\u00a0\u00a0\u00a0 regionale Stiftungen, die den Natur- und Umweltschutz in OWL f\u00f6rdern,<\/p>\n<p>&#8211;\u00a0\u00a0\u00a0\u00a0\u00a0\u00a0\u00a0 den Vorsitzenden der Landschaftsbeir\u00e4te<\/p>\n<p>Mit beratender Stimme nehmen an den Sitzungen der Bezirkskonferenz u.a. folgende Einrichtungen und Institutionen teil:<\/p>\n<p>&#8211;\u00a0\u00a0\u00a0\u00a0\u00a0\u00a0\u00a0 die Landschaftsbeh\u00f6rden<\/p>\n<p>&#8211;\u00a0\u00a0\u00a0\u00a0\u00a0\u00a0\u00a0 die Universit\u00e4t Bielefeld (biologische Fakult\u00e4t)<\/p>\n<p>&#8211;\u00a0\u00a0\u00a0\u00a0\u00a0\u00a0\u00a0 die Hochschule Ostwestfalen- Lippe , Standort H\u00f6xter<br \/>\nUniversity of Applied Sciences &#8211; Fachbereich 9 (Landschaftsarchitektur und Umweltplanung)<\/p>\n<p>Die Bezirkskonferenz Naturschutz kann Beschl\u00fcsse und Resolutionen zu aktuellen natur- und\u00a0 umweltschutzpolitischen Themen fassen. Diese Beschl\u00fcsse und Resolutionen haben empfehlenden Charakter und sind f\u00fcr Beh\u00f6rden nicht verbindlich.<\/p>\n<p>&nbsp;<\/p>\n<p>Sie hat keine gesetzlichen Mitwirkungsrechte in Verwaltungsverfahren (z.B. Planfeststellungsverfahren).<\/p>\n<p>&nbsp;<\/p>\n<p>Die Bezirkskonferenz tagt i.d.R. im Geb\u00e4ude der Bezirksregierung Detmold, ist der Beh\u00f6rde jedoch nicht organisatorisch angegliedert. Die Bezirksregierung Detmold hat sich aber bereit erkl\u00e4rt, die Aufgaben einer Gesch\u00e4ftsstelle zu \u00fcbernehmen. Vertreterinnen und Vertreter der Bezirksregierung nehmen beratend an den Sitzungen der Bezirkskonferenz teil, allerdings haben sie kein Stimmrecht.<\/p>\n<p>Am 22.8.1996 ist die Bezirkskonferenz erstmalig zusammengetreten. Aktueller Sprecher der Bezirkskonferenz ist Karsten Otte aus Hiddenhausen.<\/p>\n<p>&nbsp;<\/p>\n","protected":false},"excerpt":{"rendered":"<p>f\u00fcr Naturschutz in Ostwestfalen-Lippe Die Bezirkskonferenz Naturschutz will Kr\u00e4fte und Fachkompetenzen im Bereich des Natur- und Umweltschutzes in Ostwestfalen-Lippe b\u00fcndeln, die Zusammenarbeit von ehrenamtlichem und hauptamtlichem Natur- und Umweltschutz f\u00f6rdern, den Informationsfluss zwischen den im Natur- und Umweltschutz aktiven Kr\u00e4ften &hellip; <a href=\"https:\/\/www.bezirkskonferenz-naturschutz.de\/?page_id=15\">Weiterlesen <span class=\"meta-nav\">&rarr;<\/span><\/a><\/p>\n","protected":false},"author":2,"featured_media":0,"parent":0,"menu_order":0,"comment_status":"open","ping_status":"open","template":"","meta":{"footnotes":""},"class_list":["post-15","page","type-page","status-publish","hentry"],"_links":{"self":[{"href":"https:\/\/www.bezirkskonferenz-naturschutz.de\/index.php?rest_route=\/wp\/v2\/pages\/15"}],"collection":[{"href":"https:\/\/www.bezirkskonferenz-naturschutz.de\/index.php?rest_route=\/wp\/v2\/pages"}],"about":[{"href":"https:\/\/www.bezirkskonferenz-naturschutz.de\/index.php?rest_route=\/wp\/v2\/types\/page"}],"author":[{"embeddable":true,"href":"https:\/\/www.bezirkskonferenz-naturschutz.de\/index.php?rest_route=\/wp\/v2\/users\/2"}],"replies":[{"embeddable":true,"href":"https:\/\/www.bezirkskonferenz-naturschutz.de\/index.php?rest_route=%2Fwp%2Fv2%2Fcomments&post=15"}],"version-history":[{"count":2,"href":"https:\/\/www.bezirkskonferenz-naturschutz.de\/index.php?rest_route=\/wp\/v2\/pages\/15\/revisions"}],"predecessor-version":[{"id":76,"href":"https:\/\/www.bezirkskonferenz-naturschutz.de\/index.php?rest_route=\/wp\/v2\/pages\/15\/revisions\/76"}],"wp:attachment":[{"href":"https:\/\/www.bezirkskonferenz-naturschutz.de\/index.php?rest_route=%2Fwp%2Fv2%2Fmedia&parent=15"}],"curies":[{"name":"wp","href":"https:\/\/api.w.org\/{rel}","templated":true}]}}